{"id":3578,"date":"2023-11-20T23:57:14","date_gmt":"2023-11-20T22:57:14","guid":{"rendered":"https:\/\/www.stokstaartje.nl\/mijn-folkit-blog\/?page_id=3578"},"modified":"2024-11-10T18:40:38","modified_gmt":"2024-11-10T17:40:38","slug":"trio-harom-igric-mokum-folk-15-oktober-2023","status":"publish","type":"page","link":"https:\/\/www.stokstaartje.nl\/mijn-folkit-blog\/trio-harom-igric-mokum-folk-15-oktober-2023\/","title":{"rendered":"Trio H\u00e1rom Igric, Mokum Folk, 15 oktober 2023"},"content":{"rendered":"<figure id=\"attachment_4313\" aria-describedby=\"caption-attachment-4313\" style=\"width: 300px\" class=\"wp-caption aligncenter\"><img loading=\"lazy\" decoding=\"async\" class=\"wp-image-4313 size-medium\" src=\"https:\/\/www.stokstaartje.nl\/mijn-folkit-blog\/wp-content\/uploads\/2024\/11\/TrioHaromIgric-20231015-300x169.jpg\" alt=\"\" width=\"300\" height=\"169\" srcset=\"https:\/\/www.stokstaartje.nl\/mijn-folkit-blog\/wp-content\/uploads\/2024\/11\/TrioHaromIgric-20231015-300x169.jpg 300w, https:\/\/www.stokstaartje.nl\/mijn-folkit-blog\/wp-content\/uploads\/2024\/11\/TrioHaromIgric-20231015-1024x576.jpg 1024w, https:\/\/www.stokstaartje.nl\/mijn-folkit-blog\/wp-content\/uploads\/2024\/11\/TrioHaromIgric-20231015-768x432.jpg 768w, https:\/\/www.stokstaartje.nl\/mijn-folkit-blog\/wp-content\/uploads\/2024\/11\/TrioHaromIgric-20231015-1536x864.jpg 1536w, https:\/\/www.stokstaartje.nl\/mijn-folkit-blog\/wp-content\/uploads\/2024\/11\/TrioHaromIgric-20231015-1200x675.jpg 1200w, https:\/\/www.stokstaartje.nl\/mijn-folkit-blog\/wp-content\/uploads\/2024\/11\/TrioHaromIgric-20231015.jpg 1920w\" sizes=\"auto, (max-width: 300px) 85vw, 300px\" \/><figcaption id=\"caption-attachment-4313\" class=\"wp-caption-text\">Trio H\u00e1rom Igric: Monique Lansdorp (viool, ea snaarwerk), Gerwil Kusters (klarinet, sax ea blaaswerk), Hans Derksen (accordeon)<\/figcaption><\/figure>\n<hr \/>\n<p>Muziek uit de film &#8220;My borrowed heritage&#8221; (comp. H.Derksen)<br \/>\n\r\n    <div>        \r\n    <video id=\"plyr69dfee10717fd\" controls class=\"easy-video-player fp-minimal\">\r\n       <source src=\"https:\/\/www.stokstaartje.nl\/mijn-folkit-blog\/video\/20231015-Trio_Harom_Igric\/TrioHaromIgric-20231015-a01.mp4\" type=\"video\/mp4\" \/>\r\n    <\/video>\r\n    <\/div>    <script>\r\n        const evplayerplyr69dfee10717fd = new Plyr(document.getElementById('plyr69dfee10717fd'));\r\n        evplayerplyr69dfee10717fd.ratio = '16:9';\r\n        evplayerplyr69dfee10717fd.iconUrl = 'https:\/\/www.stokstaartje.nl\/mijn-folkit-blog\/wp-content\/plugins\/easy-video-player\/lib\/plyr.svg';\r\n        evplayerplyr69dfee10717fd.blankVideo = 'https:\/\/www.stokstaartje.nl\/mijn-folkit-blog\/wp-content\/plugins\/easy-video-player\/lib\/blank.mp4';  \r\n    <\/script><\/p>\n<hr \/>\n<p>Posiv kolo (dans uit Servi\u00eb)<br \/>\n\r\n    <div>        \r\n    <video id=\"plyr69dfee1071863\" controls class=\"easy-video-player fp-minimal\">\r\n       <source src=\"https:\/\/www.stokstaartje.nl\/mijn-folkit-blog\/video\/20231015-Trio_Harom_Igric\/TrioHaromIgric-20231015-a02.mp4\" type=\"video\/mp4\" \/>\r\n    <\/video>\r\n    <\/div>    <script>\r\n        const evplayerplyr69dfee1071863 = new Plyr(document.getElementById('plyr69dfee1071863'));\r\n        evplayerplyr69dfee1071863.ratio = '16:9';\r\n        evplayerplyr69dfee1071863.iconUrl = 'https:\/\/www.stokstaartje.nl\/mijn-folkit-blog\/wp-content\/plugins\/easy-video-player\/lib\/plyr.svg';\r\n        evplayerplyr69dfee1071863.blankVideo = 'https:\/\/www.stokstaartje.nl\/mijn-folkit-blog\/wp-content\/plugins\/easy-video-player\/lib\/blank.mp4';  \r\n    <\/script><\/p>\n<hr \/>\n<p>Vlaski za pojas (dans van de Vlachen (Roemeens sprekende bevolking in Servi\u00eb))<br \/>\n\r\n    <div>        \r\n    <video id=\"plyr69dfee10718b6\" controls class=\"easy-video-player fp-minimal\">\r\n       <source src=\"https:\/\/www.stokstaartje.nl\/mijn-folkit-blog\/video\/20231015-Trio_Harom_Igric\/TrioHaromIgric-20231015-a03.mp4\" type=\"video\/mp4\" \/>\r\n    <\/video>\r\n    <\/div>    <script>\r\n        const evplayerplyr69dfee10718b6 = new Plyr(document.getElementById('plyr69dfee10718b6'));\r\n        evplayerplyr69dfee10718b6.ratio = '16:9';\r\n        evplayerplyr69dfee10718b6.iconUrl = 'https:\/\/www.stokstaartje.nl\/mijn-folkit-blog\/wp-content\/plugins\/easy-video-player\/lib\/plyr.svg';\r\n        evplayerplyr69dfee10718b6.blankVideo = 'https:\/\/www.stokstaartje.nl\/mijn-folkit-blog\/wp-content\/plugins\/easy-video-player\/lib\/blank.mp4';  \r\n    <\/script><\/p>\n<hr \/>\n<p>Ashun Daje Mori (traditioneel Sevdah lied uit Bosni\u00eb)<br \/>\n\r\n    <div>        \r\n    <video id=\"plyr69dfee1071909\" controls class=\"easy-video-player fp-minimal\">\r\n       <source src=\"https:\/\/www.stokstaartje.nl\/mijn-folkit-blog\/video\/20231015-Trio_Harom_Igric\/TrioHaromIgric-20231015-a04.mp4\" type=\"video\/mp4\" \/>\r\n    <\/video>\r\n    <\/div>    <script>\r\n        const evplayerplyr69dfee1071909 = new Plyr(document.getElementById('plyr69dfee1071909'));\r\n        evplayerplyr69dfee1071909.ratio = '16:9';\r\n        evplayerplyr69dfee1071909.iconUrl = 'https:\/\/www.stokstaartje.nl\/mijn-folkit-blog\/wp-content\/plugins\/easy-video-player\/lib\/plyr.svg';\r\n        evplayerplyr69dfee1071909.blankVideo = 'https:\/\/www.stokstaartje.nl\/mijn-folkit-blog\/wp-content\/plugins\/easy-video-player\/lib\/blank.mp4';  \r\n    <\/script><\/p>\n<hr \/>\n<p>Vajta n&#8217;Elbasan (beroemd Albanees lied: &#8220;Ik ging naar de markt van Elbasan&#8221;)<br \/>\n\r\n    <div>        \r\n    <video id=\"plyr69dfee1071958\" controls class=\"easy-video-player fp-minimal\">\r\n       <source src=\"https:\/\/www.stokstaartje.nl\/mijn-folkit-blog\/video\/20231015-Trio_Harom_Igric\/TrioHaromIgric-20231015-a05.mp4\" type=\"video\/mp4\" \/>\r\n    <\/video>\r\n    <\/div>    <script>\r\n        const evplayerplyr69dfee1071958 = new Plyr(document.getElementById('plyr69dfee1071958'));\r\n        evplayerplyr69dfee1071958.ratio = '16:9';\r\n        evplayerplyr69dfee1071958.iconUrl = 'https:\/\/www.stokstaartje.nl\/mijn-folkit-blog\/wp-content\/plugins\/easy-video-player\/lib\/plyr.svg';\r\n        evplayerplyr69dfee1071958.blankVideo = 'https:\/\/www.stokstaartje.nl\/mijn-folkit-blog\/wp-content\/plugins\/easy-video-player\/lib\/blank.mp4';  \r\n    <\/script><\/p>\n<hr \/>\n<p>Podrimsko oro (vrouwendans uit Macedoni\u00eb\/ Albani\u00eb (Kosovo))<br \/>\n\r\n    <div>        \r\n    <video id=\"plyr69dfee10719a7\" controls class=\"easy-video-player fp-minimal\">\r\n       <source src=\"https:\/\/www.stokstaartje.nl\/mijn-folkit-blog\/video\/20231015-Trio_Harom_Igric\/TrioHaromIgric-20231015-a06.mp4\" type=\"video\/mp4\" \/>\r\n    <\/video>\r\n    <\/div>    <script>\r\n        const evplayerplyr69dfee10719a7 = new Plyr(document.getElementById('plyr69dfee10719a7'));\r\n        evplayerplyr69dfee10719a7.ratio = '16:9';\r\n        evplayerplyr69dfee10719a7.iconUrl = 'https:\/\/www.stokstaartje.nl\/mijn-folkit-blog\/wp-content\/plugins\/easy-video-player\/lib\/plyr.svg';\r\n        evplayerplyr69dfee10719a7.blankVideo = 'https:\/\/www.stokstaartje.nl\/mijn-folkit-blog\/wp-content\/plugins\/easy-video-player\/lib\/blank.mp4';  \r\n    <\/script><\/p>\n<hr \/>\n<p>Albanese Tsamikos- Gorarce (dans uit Zuid-Albani\u00eb)<br \/>\n\r\n    <div>        \r\n    <video id=\"plyr69dfee10719f6\" controls class=\"easy-video-player fp-minimal\">\r\n       <source src=\"https:\/\/www.stokstaartje.nl\/mijn-folkit-blog\/video\/20231015-Trio_Harom_Igric\/TrioHaromIgric-20231015-a07.mp4\" type=\"video\/mp4\" \/>\r\n    <\/video>\r\n    <\/div>    <script>\r\n        const evplayerplyr69dfee10719f6 = new Plyr(document.getElementById('plyr69dfee10719f6'));\r\n        evplayerplyr69dfee10719f6.ratio = '16:9';\r\n        evplayerplyr69dfee10719f6.iconUrl = 'https:\/\/www.stokstaartje.nl\/mijn-folkit-blog\/wp-content\/plugins\/easy-video-player\/lib\/plyr.svg';\r\n        evplayerplyr69dfee10719f6.blankVideo = 'https:\/\/www.stokstaartje.nl\/mijn-folkit-blog\/wp-content\/plugins\/easy-video-player\/lib\/blank.mp4';  \r\n    <\/script><\/p>\n<hr \/>\n<p>Griekse Tsamikos (dans uit Noord-Griekenland\/ Epirus) + Pogonisios (nadans)<br \/>\n\r\n    <div>        \r\n    <video id=\"plyr69dfee1071a46\" controls class=\"easy-video-player fp-minimal\">\r\n       <source src=\"https:\/\/www.stokstaartje.nl\/mijn-folkit-blog\/video\/20231015-Trio_Harom_Igric\/TrioHaromIgric-20231015-a08.mp4\" type=\"video\/mp4\" \/>\r\n    <\/video>\r\n    <\/div>    <script>\r\n        const evplayerplyr69dfee1071a46 = new Plyr(document.getElementById('plyr69dfee1071a46'));\r\n        evplayerplyr69dfee1071a46.ratio = '16:9';\r\n        evplayerplyr69dfee1071a46.iconUrl = 'https:\/\/www.stokstaartje.nl\/mijn-folkit-blog\/wp-content\/plugins\/easy-video-player\/lib\/plyr.svg';\r\n        evplayerplyr69dfee1071a46.blankVideo = 'https:\/\/www.stokstaartje.nl\/mijn-folkit-blog\/wp-content\/plugins\/easy-video-player\/lib\/blank.mp4';  \r\n    <\/script><\/p>\n<hr \/>\n<p>Donkino oro (dans uit Macedoni\u00eb\/ Bulgarije)<br \/>\n\r\n    <div>        \r\n    <video id=\"plyr69dfee1071a94\" controls class=\"easy-video-player fp-minimal\">\r\n       <source src=\"https:\/\/www.stokstaartje.nl\/mijn-folkit-blog\/video\/20231015-Trio_Harom_Igric\/TrioHaromIgric-20231015-a09.mp4\" type=\"video\/mp4\" \/>\r\n    <\/video>\r\n    <\/div>    <script>\r\n        const evplayerplyr69dfee1071a94 = new Plyr(document.getElementById('plyr69dfee1071a94'));\r\n        evplayerplyr69dfee1071a94.ratio = '16:9';\r\n        evplayerplyr69dfee1071a94.iconUrl = 'https:\/\/www.stokstaartje.nl\/mijn-folkit-blog\/wp-content\/plugins\/easy-video-player\/lib\/plyr.svg';\r\n        evplayerplyr69dfee1071a94.blankVideo = 'https:\/\/www.stokstaartje.nl\/mijn-folkit-blog\/wp-content\/plugins\/easy-video-player\/lib\/blank.mp4';  \r\n    <\/script><\/p>\n<hr \/>\n<p>Swornato choro &#8220;voor Mike de Keijzer&#8221; (Bulgarije)<br \/>\n\r\n    <div>        \r\n    <video id=\"plyr69dfee1071ae2\" controls class=\"easy-video-player fp-minimal\">\r\n       <source src=\"https:\/\/www.stokstaartje.nl\/mijn-folkit-blog\/video\/20231015-Trio_Harom_Igric\/TrioHaromIgric-20231015-b12.mp4\" type=\"video\/mp4\" \/>\r\n    <\/video>\r\n    <\/div>    <script>\r\n        const evplayerplyr69dfee1071ae2 = new Plyr(document.getElementById('plyr69dfee1071ae2'));\r\n        evplayerplyr69dfee1071ae2.ratio = '16:9';\r\n        evplayerplyr69dfee1071ae2.iconUrl = 'https:\/\/www.stokstaartje.nl\/mijn-folkit-blog\/wp-content\/plugins\/easy-video-player\/lib\/plyr.svg';\r\n        evplayerplyr69dfee1071ae2.blankVideo = 'https:\/\/www.stokstaartje.nl\/mijn-folkit-blog\/wp-content\/plugins\/easy-video-player\/lib\/blank.mp4';  \r\n    <\/script><\/p>\n<hr \/>\n<p>Teskoto &#8220;voor Theo van Tol&#8221; (Macedoni\u00eb)<br \/>\n\r\n    <div>        \r\n    <video id=\"plyr69dfee1071b2f\" controls class=\"easy-video-player fp-minimal\">\r\n       <source src=\"https:\/\/www.stokstaartje.nl\/mijn-folkit-blog\/video\/20231015-Trio_Harom_Igric\/TrioHaromIgric-20231015-b13.mp4\" type=\"video\/mp4\" \/>\r\n    <\/video>\r\n    <\/div>    <script>\r\n        const evplayerplyr69dfee1071b2f = new Plyr(document.getElementById('plyr69dfee1071b2f'));\r\n        evplayerplyr69dfee1071b2f.ratio = '16:9';\r\n        evplayerplyr69dfee1071b2f.iconUrl = 'https:\/\/www.stokstaartje.nl\/mijn-folkit-blog\/wp-content\/plugins\/easy-video-player\/lib\/plyr.svg';\r\n        evplayerplyr69dfee1071b2f.blankVideo = 'https:\/\/www.stokstaartje.nl\/mijn-folkit-blog\/wp-content\/plugins\/easy-video-player\/lib\/blank.mp4';  \r\n    <\/script><\/p>\n<hr \/>\n<p>Roemeense suite<br \/>\n\r\n    <div>        \r\n    <video id=\"plyr69dfee1071b7b\" controls class=\"easy-video-player fp-minimal\">\r\n       <source src=\"https:\/\/www.stokstaartje.nl\/mijn-folkit-blog\/video\/20231015-Trio_Harom_Igric\/TrioHaromIgric-20231015-b15.mp4\" type=\"video\/mp4\" \/>\r\n    <\/video>\r\n    <\/div>    <script>\r\n        const evplayerplyr69dfee1071b7b = new Plyr(document.getElementById('plyr69dfee1071b7b'));\r\n        evplayerplyr69dfee1071b7b.ratio = '16:9';\r\n        evplayerplyr69dfee1071b7b.iconUrl = 'https:\/\/www.stokstaartje.nl\/mijn-folkit-blog\/wp-content\/plugins\/easy-video-player\/lib\/plyr.svg';\r\n        evplayerplyr69dfee1071b7b.blankVideo = 'https:\/\/www.stokstaartje.nl\/mijn-folkit-blog\/wp-content\/plugins\/easy-video-player\/lib\/blank.mp4';  \r\n    <\/script><\/p>\n<hr \/>\n<p>Moravac kolo (Servi\u00eb)<br \/>\n\r\n    <div>        \r\n    <video id=\"plyr69dfee1071bc7\" controls class=\"easy-video-player fp-minimal\">\r\n       <source src=\"https:\/\/www.stokstaartje.nl\/mijn-folkit-blog\/video\/20231015-Trio_Harom_Igric\/TrioHaromIgric-20231015-b18.mp4\" type=\"video\/mp4\" \/>\r\n    <\/video>\r\n    <\/div>    <script>\r\n        const evplayerplyr69dfee1071bc7 = new Plyr(document.getElementById('plyr69dfee1071bc7'));\r\n        evplayerplyr69dfee1071bc7.ratio = '16:9';\r\n        evplayerplyr69dfee1071bc7.iconUrl = 'https:\/\/www.stokstaartje.nl\/mijn-folkit-blog\/wp-content\/plugins\/easy-video-player\/lib\/plyr.svg';\r\n        evplayerplyr69dfee1071bc7.blankVideo = 'https:\/\/www.stokstaartje.nl\/mijn-folkit-blog\/wp-content\/plugins\/easy-video-player\/lib\/blank.mp4';  \r\n    <\/script><\/p>\n<hr \/>\n<p>Vratjanska Rucenica (Bulgarije)<br \/>\n\r\n    <div>        \r\n    <video id=\"plyr69dfee1071c13\" controls class=\"easy-video-player fp-minimal\">\r\n       <source src=\"https:\/\/www.stokstaartje.nl\/mijn-folkit-blog\/video\/20231015-Trio_Harom_Igric\/TrioHaromIgric-20231015-b19.mp4\" type=\"video\/mp4\" \/>\r\n    <\/video>\r\n    <\/div>    <script>\r\n        const evplayerplyr69dfee1071c13 = new Plyr(document.getElementById('plyr69dfee1071c13'));\r\n        evplayerplyr69dfee1071c13.ratio = '16:9';\r\n        evplayerplyr69dfee1071c13.iconUrl = 'https:\/\/www.stokstaartje.nl\/mijn-folkit-blog\/wp-content\/plugins\/easy-video-player\/lib\/plyr.svg';\r\n        evplayerplyr69dfee1071c13.blankVideo = 'https:\/\/www.stokstaartje.nl\/mijn-folkit-blog\/wp-content\/plugins\/easy-video-player\/lib\/blank.mp4';  \r\n    <\/script><\/p>\n<hr \/>\n","protected":false},"excerpt":{"rendered":"<p>Muziek uit de film &#8220;My borrowed heritage&#8221; (comp. H.Derksen) Posiv kolo (dans uit Servi\u00eb) Vlaski za pojas (dans van de Vlachen (Roemeens sprekende bevolking in Servi\u00eb)) Ashun Daje Mori (traditioneel Sevdah lied uit Bosni\u00eb) Vajta n&#8217;Elbasan (beroemd Albanees lied: &#8220;Ik ging naar de markt van Elbasan&#8221;) Podrimsko oro (vrouwendans uit Macedoni\u00eb\/ Albani\u00eb (Kosovo)) Albanese Tsamikos- &hellip; <a href=\"https:\/\/www.stokstaartje.nl\/mijn-folkit-blog\/trio-harom-igric-mokum-folk-15-oktober-2023\/\" class=\"more-link\">Lees verder <span class=\"screen-reader-text\">&#8220;Trio H\u00e1rom Igric, Mokum Folk, 15 oktober 2023&#8221;<\/span><\/a><\/p>\n","protected":false},"author":1,"featured_media":0,"parent":0,"menu_order":0,"comment_status":"closed","ping_status":"closed","template":"","meta":{"footnotes":""},"class_list":["post-3578","page","type-page","status-publish","hentry"],"_links":{"self":[{"href":"https:\/\/www.stokstaartje.nl\/mijn-folkit-blog\/wp-json\/wp\/v2\/pages\/3578","targetHints":{"allow":["GET"]}}],"collection":[{"href":"https:\/\/www.stokstaartje.nl\/mijn-folkit-blog\/wp-json\/wp\/v2\/pages"}],"about":[{"href":"https:\/\/www.stokstaartje.nl\/mijn-folkit-blog\/wp-json\/wp\/v2\/types\/page"}],"author":[{"embeddable":true,"href":"https:\/\/www.stokstaartje.nl\/mijn-folkit-blog\/wp-json\/wp\/v2\/users\/1"}],"replies":[{"embeddable":true,"href":"https:\/\/www.stokstaartje.nl\/mijn-folkit-blog\/wp-json\/wp\/v2\/comments?post=3578"}],"version-history":[{"count":11,"href":"https:\/\/www.stokstaartje.nl\/mijn-folkit-blog\/wp-json\/wp\/v2\/pages\/3578\/revisions"}],"predecessor-version":[{"id":4324,"href":"https:\/\/www.stokstaartje.nl\/mijn-folkit-blog\/wp-json\/wp\/v2\/pages\/3578\/revisions\/4324"}],"wp:attachment":[{"href":"https:\/\/www.stokstaartje.nl\/mijn-folkit-blog\/wp-json\/wp\/v2\/media?parent=3578"}],"curies":[{"name":"wp","href":"https:\/\/api.w.org\/{rel}","templated":true}]}}